.
-4
Let l be -18*(-12 + (-424)/(-36)). Let u(n) = -n**2 - 9*n + 57. What is u(l)?
5
Let f = 41 + -40. Let v(d) = -73*d**2 - d + 58*d**2 + d + f. Calculate v(1).
-14
Let w(s) be the second derivative of -s**6/120 + s**5/10 - 5*s**4/24 + s**3 - 16*s**2 + 3*s. Let j(p) be the first derivative of w(p). Calculate j(5).
6
Suppose 6 + 2 = -p. Let h(k) = k + 15. Let r(i) = 2*i + 29. Let g(w) = 5*h(w) - 3*r(w). Determine g(p).
-4
Let v be ((-1)/2 + 1)*-2. Let q(s) be the first derivative of -3*s**4/2 - s - 1. Determine q(v).
5
Let j be (-2 + 5)*1/((-3)/(-8)). Let l(v) = -6*v - 44 + j*v + 0*v + 38. Determine l(5).
4
Let q(i) = -3*i + 16. Suppose -18*w + 105 = 17*w. Calculate q(w).
7
Let x(f) = 19*f**2 + 0*f**3 + f - 6*f**3 - 8*f**3 + 13*f**3 - 13. Give x(19).
6
Let v(z) = -20*z**3 + 2*z**2 + 2. Let j(y) = 20*y**3 - 2*y**2 - 3. Let f = 40 - 36. Let p(t) = f*v(t) + 3*j(t). What is p(1)?
-19
Let a be 7/((-189)/36) + 26/6. Suppose -2*b + a*s = 12, -b + 4*s + s = 20. Let h(y) = 1 + y + 2*y - 2*y. Give h(b).
1
Let t(h) = 2*h**2 + 11*h - 7. Let y(o) = 2*o**3 + 117*o**2 - 60*o - 65. Let s be y(-59). What is t(s)?
-1
Let v(n) = n - 4. Let h be v(2). Let m(f) be the second derivative of f**5/20 + f**4/12 + f**2/2 - f. Determine m(h).
-3
Let l be 3 + -2 - -3 - -5. Suppose i - 4*i = -l. Let v(t) = 5*t - 1. Give v(i).
14
Let i(u) be the first derivative of u**3/3 + 3*u**2/2 + 4*u + 4. Let v = 188 - 191. Give i(v).
4
Let g(n) = n + 3. Let q = -41 + 66. Let v = 25 - q. Calculate g(v).
3
Let p(w) be the second derivative of w**4/12 - 11*w**3/6 + 8*w + 27. Calculate p(11).
0
Let w(h) = h**2 - 10*h - 20. Let i = -2471 - -2483. Determine w(i).
4
Let a be (-16)/(-10) + 2698/(-355). Let r(w) = 5 - w - 2*w + 4*w. What is r(a)?
-1
Let u(z) be the second derivative of -3*z**3/2 - z**2/2 + 2*z. Let r = -3160 + 3159. Determine u(r).
8
Let f(m) = 4 + 2*m - 36*m + 6*m + 11*m + 11*m. Let q be (1/2)/(2/(-4)). Let v(z) = -z. Let d(y) = q*f(y) + 5*v(y). Give d(5).
1
Suppose -4*j - a = 27, -27*a + 28*a = 5*j + 45. Let w(m) = -4*m - 10. Calculate w(j).
22
Let b(s) be the second derivative of 0 - 1/120*s**5 + 1/3*s**3 + 0*s**2 + 5*s + 0*s**4. Let k(x) be the second derivative of b(x). Determine k(-5).
5
Let c(i) = 392*i + 393*i - 782*i + 42. Calculate c(-15).
-3
Let p = -5 - -32. Suppose 3*b - 3 = 0, b + 2 = 5*j - p. Let r(a) = -a. Let m(n) = 2*n + 2. Let w(s) = -m(s) - 3*r(s). What is w(j)?
4
Let i(h) = 5*h**2 + h - 2. Let u(m) = m**2 + 2*m + 10. Let w be u(0). Suppose 3*f - 9*b = -13*b - w, 2*b - 6 = 4*f. Calculate i(f).
16
Let p(l) = l - 4. Let d be (2*1)/(2*7/784). Let z = d + -107. What is p(z)?
1
Let a(w) be the third derivative of w**6/120 - 19*w**5/60 + 5*w**4/6 - 17*w**3/3 - 3*w**2 + 119. Give a(18).
2
Let i(z) = -10*z + 92. Let t be i(9). Let l(y) = -3*y**3 + y + 2. Give l(t).
-20
Let u be ((-5)/(-5))/((-1)/(-1)). Let f be (-3)/u - (3 - 3). Let k(y) be the third derivative of y**5/30 + y**4/6 + y**3/6 + 27*y**2 + y. Calculate k(f).
7
Suppose 5*a + 35 = -2*g, 0 = 5*a + 4*g + 37 - 2. Let z(i) = -4*i**2 + 3*i**2 - 27 + 34 - 6*i - 4 + 0*i**2. Calculate z(a).
-4
Let s(q) be the second derivative of -3*q**3/2 - 3*q**2/2 + 26*q + 2. What is s(-2)?
15
Let w be 14/(-30) + 116/145. Let k(o) be the first derivative of -w*o**3 + 3*o**2 - 4 + 3*o. Give k(5).
8
Let m = 4 - 6. Let h be (-70)/(-50) + (-3)/(-5). Let n(b) = -b**2. Let c(z) = 3*z**2 + 2*z + 2. Let x(k) = h*n(k) + c(k). Calculate x(m).
2
Let q(x) = x**2. Let j(r) = -2*r**2 - 2*r - 2. Let z(m) = j(m) + 6*q(m). Calculate z(2).
10
Let k(i) = -2*i**3 - i**2 + 4*i - 3. Let q(v) = v**3 + v**2 - v. Let y(z) = -k(z) - q(z). Calculate y(4).
55
Let q(r) = r**3 + 10*r**2 - 5. Let s = 20 - 19. Let l be ((-30)/(-24))/(s - 27/24). Determine q(l).
-5
Let d(b) = -2*b**2 - 16*b + 4. Let f be d(-8). Suppose 2 = 5*t + 4*w + 15, 3*w = -f*t - 11. Let s(c) = -c**2 - 3*c + 6. Determine s(t).
-4
Let c = 89 - 91. Let g(t) = t**2 - 2*t - 1. What is g(c)?
7
Let w(a) = 24*a**2 - 1. Let b be 37/5 + -7 - (-6)/10. Determine w(b).
23
Suppose -3*b + 14 = -1. Let r(d) = b + 3*d + 0*d + d - 2*d. Calculate r(-6).
-7
Let x be (-6 + 3)*2/(-6). Let t(n) = 7*n - 12*n + 6*n**2 + 4*n + n**2. What is t(x)?
6
Let a(v) be the first derivative of v**2/2 + 5*v - 67. Suppose 2*k - 10 = -0*k. What is a(k)?
10
Let r(m) = -7*m + 59. Let s(n) = -4*n + 31. Let u(w) = 6*r(w) - 11*s(w). Determine u(-10).
-7
Let r = -8 - -10. Suppose -2*w - 4*z + 15 + 23 = 0, 0 = 5*w + r*z - 127. Let y = w + -22. Let j(m) = m. Give j(y).
5
Let f(l) = l - 8. Let m(u) = 106*u + 969. Let i be m(-9). Determine f(i).
7
Suppose 0 = 13*n - 1019 + 5. Suppose -5*p - 73 = -n. Let b(k) = k**2 - k + 1. Determine b(p).
1
Let u(w) be the first derivative of -2*w**2 - w - 93. What is u(-1)?
3
Let j(p) be the third derivative of -5*p**4/24 - p**3/3 - p**2. Let f = 76 - 140. Let t = f + 62. Determine j(t).
8
Let n = -16 - -11. Suppose -m + t - 4 = -3*m, -t + 2 = m. Let z(d) = -4*d + 2*d + d + m. What is z(n)?
7
Suppose -4*d - 3*y = -12, 2*y = 4*y. Let j(s) = -s**2 + 4*s - 2. Let z be j(d). Let g(k) = -4*k - 1. Determine g(z).
-5
Let s(m) = -9 + 0*m**2 + m**2 + 6952*m - 6951*m. What is s(-4)?
3
Let t(g) be the third derivative of -g**5/60 - 5*g**4/24 + 5*g**3/6 - 44*g**2. Suppose -3*u - 369 = -4*j, u + 71 = j - 4*u. Let i be 2/5 - j/15. Calculate t(i).
-1
Let l(p) = -8*p**2 + 8*p - 19. Let i(c) = 5*c**2 - 4*c + 10. Let n(v) = -5*i(v) - 3*l(v). Calculate n(-8).
-25
Let c = 11 + -1. Let b = c - 15. Let m = b + 6. Let s(z) = 8*z**2 - 1. Calculate s(m).
7
Suppose 0 = -3*q + 3*m + 15, 4*q - 2*m = 11 + 9. Let o(p) = 6*p + 2. Calculate o(q).
32
Let m(h) = -2*h - 16. Let i = 1963 + -1971. Determine m(i).
0
Suppose 3*s = -6*s + 5*s. Suppose s = -u + 3*u. Let t(f) = f**2 + 3 - 1 + 3. Calculate t(u).
5
Let j be (-1*175/20)/((-2)/24). Let q(o) = -7*o**2 + j*o - 214*o + 1 + 108*o. Determine q(1).
-7
Let u = -1 + -9. Let k = -3 - u. Let d(x) = -k*x + 2 + 6*x - 3. Calculate d(6).
-7
Let i(q) = 2*q**3 - 3*q**2 + 3*q - 3. Let s be 0 - 0/(0 + 4). Suppose 6 = 3*d - s. Give i(d).
7
Let a(p) = -p**3 + 3*p**2 - 2*p + 1. Let m(b) = 23*b + 146. Let v be m(-6). Let n(k) = 9 + k**2 - 6 - 2*k - 6*k. Let z be n(v). Determine a(z).
-5
Suppose -4*h - 5*z + 3 = 0, 0*z + 3 = -3*z. Let o(d) = 2*d**2 + 3*d - 5*d + d**3 - 7*d**h. Determine o(5).
-10
Let v(t) = 6*t - 3 + t**2 + 1 + 0. Let k be (-4 - (-4)/(-6)*3) + 3. What is v(k)?
-11
Let l(r) = -r**3 - 14*r**2 - 11*r + 26. Let f be l(-13). Suppose 4*o + 43 - 39 = f. Let p(j) = -4*j. What is p(o)?
4
Let v(u) be the second derivative of -5*u**3/6 + u**2 + 422*u. Let a be 16/(-6) - (-4)/6. What is v(a)?
12
Let t(f) = -13 - 13*f**2 + 8851*f**3 + 8854*f**3 + f - 17704*f**3. Give t(13).
0
Let x(j) = 20*j**3 - 2*j + 1. Let h be (0 - 1)/((-3 - 3)/6). Calculate x(h).
19
Let x(f) = 2*f + 22. Let v be ((-2)/8)/((-33)/(-1188)). Give x(v).
4
Let w be 6/21 - 94/(-14). Let b(j) = 7*j. Let o(u) = -27*u - 3. Let d(v) = 4*b(v) + o(v). Calculate d(w).
4
Let q(t) be the first derivative of 10 + 3/2*t**2 + 1/2*t**3 + t. Let i(x) be the first derivative of q(x). Determine i(-2).
-3
Let l(u) = 6*u**2 + 0*u + 10*u + u**3 - 5*u + 7 - 3. Let y(m) = 26*m + 1 + 16 + 2 + 30*m**2 + 5*m**3. Let b(j) = -11*l(j) + 2*y(j). Give b(-5).
-16
Let a(n) be the first derivative of n**5/120 + 7*n**4/24 + 4*n**3 + 8. Let u(k) be the third derivative of a(k). Give u(-6).
1
Let k(x) = -64 - 65 - 15*x + 5*x + x**2 + 130. What is k(6)?
-23
Suppose f = -1 + 6. Let g(p) be the third derivative of p**4/8 - 7*p**3/6 + 12*p**2 - 3*p. Calculate g(f).
8
Let i(d) = 0*d**2 + 10 - 203*d + 2*d**2 + 186*d. Calculate i(8).
2
Let u(p) = 57*p - 21*p + p**2 - 23*p - 13 - 15*p. Give u(5).
2
Let x(a) = a**3 - 3*a**2 - 5*a + 1. Suppose -4*z - z + 85 = 0. Let k = -14 + z. Suppose -2*r = -k - 5. Calculate x(r).
-3
Let q(k) = -k**2 + k + 4. Let c(r) = -5*r - 46. Let b be (3/((-9)/30))/(-3 + 4). Let g be c(b). What is q(g)?
-8
Let b(x) be the second derivative of x**5/20 - 2*x**4/3 + x**3/2 - 3*x**2 - 3*x + 4. What is b(8)?
18
Let o be 11/(0 - 2/(-4)). Suppose 2*l - 5*i = o, -2*l - 2*l - 3*i = 8. Let b(m) = -l - 3*m - 3 - 2 + 3. Calculate b(-5).
12
Let s(h) = -h**3 - 4*h**2 + 4*h + 3. Let c = 68 + -64. Let y be (c/(-8) + 2)/((-6)/16). Calculate s(y).
-13
Let x(n) = n